 5 is divided by s?
0
Suppose -2*l = 2*y - 586, -1184 = -13*l + 9*l - y. What is the remainder when l is divided by 20?
17
Suppose -29 - 31 = -4*w. Let j be 1/(-3)*414/(-2). Calculate the remainder when w is divided by (-1)/(-4) - j/(-12).
3
Let u be (-16)/112 - 30/(-14). Suppose 0 = c - 2, 3*c + 33 = -u*m + 3*m. What is the remainder when m is divided by 14?
11
Let n = -65 - -94. What is the remainder when n is divided by ((-1)/(-2))/(2/36)?
2
Suppose 894*q - 922*q + 840 = 0. Calculate the remainder when q is divided by 19.
11
Let q be -1 + 1 - (-1 + -2). Suppose q*v - 45 = -2*v. Let f(c) = 2*c**2 + 4*c + 13. Calculate the remainder when f(-5) is divided by v.
7
Suppose 8*t - 9*t = -17. Calculate the remainder when 151 is divided by t.
15
Suppose -3*t = 4*t - 140. Calculate the remainder when 77 is divided by t.
17
Suppose 7 = -3*a + 16. Suppose -b + a*u = -0*u + 12, -3*u = 3*b. Calculate the remainder when 126 is divided by -8*(12/b + 0).
30
Suppose -11*s + 8*s + 2076 = 0. What is the remainder when s is divided by 58?
54
Let u = 222 + -96. What is the remainder when u is divided by 29?
10
Let a be 6/(-30) - 32/(-10). Suppose -a*f = -5*i - 155, f + i = 6*f - 229. What is the remainder when f is divided by 12?
9
Let q(k) = -2*k**2 - 100*k + 367. Calculate the remainder when q(-48) is divided by 28.
27
Suppose -71*d = -41012 - 6771. What is the remainder when d is divided by 45?
43
Suppose -587 = -6*u + 349. Calculate the remainder when u is divided by 16.
12
Calculate the remainder when (-8757)/(-45) - (-3)/5*-1 is divided by 39.
38
Suppose -113*m = -88*m - 500. Calculate the remainder when (-1 - (2 - 2))*-57 is divided by m.
17
Let m(g) = -g**3 - 8*g**2 - 5*g + 12. Let b be m(-7). What is the remainder when 1*b - (-48 + 8) is divided by 10?
8
Let m(s) = -s**3 - 21*s**2 - 8*s - 6. Calculate the remainder when m(-21) is divided by 35.
22
Suppose 2*l = -4, 4*x + 5*l - 2*l - 126 = 0. Calculate the remainder when 141 is divided by x.
9
Calculate the remainder when 205 is divided by 85 - (-10 + 66/6).
37
Let o(b) = -b**3 - 2*b**2 + 4*b + 7. Calculate the remainder when 105 is divided by o(-4).
13
Let a = 101 - 83. What is the remainder when 51 is divided by a?
15
Suppose -4*j + 0*j = -48. Let n be (8/16)/(2/j). What is the remainder when 68 is divided by (5 - n)/(2/14)?
12
Suppose -14*q + 595 = -91. Let g = q - 43. Calculate the remainder when 71 is divided by g.
5
Let q(c) = 13*c. Suppose -3*v = -0 - 15. Suppose -v - 22 = -z. Calculate the remainder when q(4) is divided by z.
25
Let y = 3 - -2. Suppose 5*c - 35 = d, -y*c - 2*d + 35 = d. Let v(b) = b**3 - b + 3. What is the remainder when v(3) is divided by c?
6
Let b be (-4)/10 + 17/5. Suppose -h + 49 = 2*s + 8, -2*h = b*s - 78. Let r = 45 + -33. Calculate the remainder when h is divided by r.
9
Let h(n) = -n**3 - 5*n**2 - 15*n - 7. Calculate the remainder when 142 is divided by h(-4).
31
Let v(z) = 2*z**2 - 16*z - 10. Calculate the remainder when v(-7) is divided by 52.
44
Suppose 0 = 4*i - 2*q + 22, 5 = 4*q + 1. Let j(p) = 3*p**2 + 6*p - 1. What is the remainder when j(i) is divided by 12?
8
Let x(f) = -2*f**2 + f**2 - 2 + 0*f**2 + 13*f. Suppose 2*u = -2*u - 12, -9 = -2*a - 5*u. What is the remainder when 49 is divided by x(a)?
9
Let o = 179 + -146. What is the remainder when 197 is divided by o?
32
Suppose 5*o - 2*c + 25 = 67, c = -o + 14. Calculate the remainder when 97 is divided by o.
7
Suppose -2*i + 14 + 2 = 0. Let s = -14 + 17. Suppose s*h + 2*h = 5*x - 130, 48 = 3*x + 3*h. Calculate the remainder when x is divided by i.
5
Suppose 13*b = -4*b + 136. What is the remainder when -1 + 1 + (-24)/(-2) is divided by b?
4
Suppose 62*s + 92 = 66*s. Calculate the remainder when 104 is divided by s.
12
Suppose -t + 112 = 318. Let w = 369 + t. Suppose -4*r - 4*v = -2*r - 118, -2*r + w = -5*v. What is the remainder when r is divided by 18?
15
Suppose 0 = p - 3*p + 20. What is the remainder when 25 is divided by 136/p + (-4)/50*-5?
11
Suppose 3*r + 18 - 255 = 0. Suppose r + 14 = 4*z - c, -c = -3*z + 71. Calculate the remainder when z is divided by 13.
9
Suppose -6*q - 47 = -167. Calculate the remainder when 6768/135 - (-8)/(-60) is divided by q.
10
Suppose z + 1437 = 5*j - j, -5*j + 5*z + 1785 = 0. Suppose 0 = -9*b + b + j. Calculate the remainder when 174 is divided by b.
39
Let u(s) = 5*s - 4. Suppose -3*h + 19 = 31, 2*f + 5*h - 44 = 0. Calculate the remainder when f is divided by u(3).
10
Let x = -1570 - -1589. What is the remainder when 43 is divided by x?
5
Suppose 4*o - 3 = -7. Let j = o + 3. Suppose d = 3*g - 45, 0 = g - 6*g + j*d + 74. Calculate the remainder when 62 is divided by g.
14
Let s be 8/20 + 72/20. Suppose s*m - 76 = -n, -34 + 91 = 3*m + 2*n. Calculate the remainder when m is divided by 11.
8
Let a(m) = -15*m + 7. Let r(u) = 8*u - u - 4 + 0. Let b(p) = -3*a(p) - 7*r(p). Calculate the remainder when b(-7) is divided by 9.
8
Let d(u) = 58*u - 433. Calculate the remainder when d(8) is divided by 31.
0
Suppose 22 = -w - 5*j, -3*w - j + 2 = 40. Let v = -10 - w. Suppose -v*i - 4*n + 13 = n, -n = 5*i - 44. What is the remainder when 34 is divided by i?
7
Let c(t) = 26*t - 2. Suppose 0 = -4*m + 4*d + 72, 2*m - 5*d = 3*m - 12. Calculate the remainder when c(2) is divided by m.
16
Calculate the remainder when (3 + -6 + (-124)/(-12))*6 is divided by 23.
21
Suppose -5*v + 42 + 188 = 0. Suppose 0 = -21*x + 18*x + 72. Calculate the remainder when v is divided by x.
22
Let m(q) = -q**3 + 9*q**2 + 9*q + 14. Suppose 4*f + 5*b + 0 = 15, 5*f - 40 = -2*b. What is the remainder when 18 is divided by m(f)?
2
Suppose -10*k = -6*k - 188. Calculate the remainder when k is divided by 26.
21
Let c = -125 + 203. Let n = -288 + 308. What is the remainder when c is divided by n?
18
What is the remainder when 108 is divided by 117/(-18) + 6 - 42/(-4)?
8
Let r(a) = -97*a + 697. Calculate the remainder when 142 is divided by r(7).
16
Let x(i) = -2*i + 4. What is the remainder when 0 + 857/9 - (-4)/(-18) is divided by x(-6)?
15
Let k(f) = 6*f**2 + 2*f + 1. Let y(w) = -3*w**2 + 99*w + 13. What is the remainder when k(-4) is divided by y(33)?
11
Let l be (-962)/91 + 6/(-14). Let z(j) = -j**2 - 11*j + 6. Let k be z(l). Let m(c) = -c**3 + 6*c**2 + 3*c + 1. What is the remainder when m(k) is divided by 10?
9
Suppose 6*f = 4*f - 24. What is the remainder when 107 is divided by ((-6)/7)/(f/504)?
35
Let z = 91 + -146. Let b = z - -28. Calculate the remainder when 41 is divided by 1*12 - b/(-9).
5
Suppose 0*o = -3*o. Suppose 2*r + o = 3*t + 10, 4*r = 5*t + 24. Let u(d) = -9*d + 303. Calculate the remainder when r is divided by u(33).
5
Let t(k) = k + 21. Let u be t(-18). Suppose 2*n = -5*h + 32, -3*n + 0*n + u*h + 90 = 0. What is the remainder when n is divided by 14?
12
Calculate the remainder when 51 is divided by 0 + 3 - 3/(-6)*2.
3
Suppose 375 = 27*o - 1029. Calculate the remainder when 91 is divided by o.
39
Suppose -6*i = -11*i. Suppose 0 = -5*u + 5*w + 10, 0 = -4*u - i*u + w + 8. Suppose u*p + p = 51. What is the remainder when 32 is divided by p?
15
Let f = 26 - 78. Suppose 0*x - 5*x = 4*c - 43, 5*c - 47 = -4*x. Calculate the remainder when (-12)/(-4)*f/(-6) is divided by c.
5
Suppose 0 = -4*y + 4*t + 1552, -4*y + 353 + 1159 = 4*t. Calculate the remainder when y is divided by 24.
23
Suppose -2479 = -111*j + 74*j. Calculate the remainder when j is divided by 21.
4
Suppose 666 = 46*k - 116. Suppose 140 = 2*f - 60. Let r = 150 - f. Calculate the remainder when r is divided by k.
16
Let x(q) = 3*q**2 + q - 8. What is the remainder when 16 is divided by x(-2)?
0
Suppose 2 = -0*v - 2*v. Let h be (7/3)/(v/(-3)). Calculate the remainder when (-2)/h + 2715/21 is divided by 33.
30
Let l = 31 - 20. Suppose -4*g + 2*g - 20 = -2*v, v - 2*g - l = 0. Calculate the remainder when 16 is divided by v.
7
Let f = 1522 - 1499. What is the remainder when 24 is divided by f?
1
Let i be (-3 - -4) + -1*(-1 - 1). Suppose p + 44 = 3*p - i*j, -5*j = 0. Calculate the remainder when 239 is divided by p.
19
Let x = -56 + 69. What is the remainder when x is divided by 7?
6
Suppose 0*b + 4*b - 184 = 0. Calculate the remainder when b is divided by 732/90 + 2/(-15).
6
Suppose z - 4 = -2. Suppose 0 = z*o - 4, -5*u - 2*o + 6*o = -157. Calculate the